{"id":7761,"date":"2022-12-20T11:19:14","date_gmt":"2022-12-20T10:19:14","guid":{"rendered":"http:\/\/www.handball-normandie.fr\/?page_id=7761"},"modified":"2022-12-20T11:20:09","modified_gmt":"2022-12-20T10:20:09","slug":"newsletter-100-arbitrage","status":"publish","type":"page","link":"https:\/\/www.handball-normandie.fr\/index.php\/newsletter-100-arbitrage\/","title":{"rendered":"NEWSLETTER 100% ARBITRAGE (1)"},"content":{"rendered":"<p>[et_pb_section fb_built=\u00a0\u00bb1&Prime; theme_builder_area=\u00a0\u00bbpost_content\u00a0\u00bb _builder_version=\u00a0\u00bb4.19.4&Prime; _module_preset=\u00a0\u00bbdefault\u00a0\u00bb][et_pb_row _builder_version=\u00a0\u00bb4.19.4&Prime; _module_preset=\u00a0\u00bbdefault\u00a0\u00bb theme_builder_area=\u00a0\u00bbpost_content\u00a0\u00bb][et_pb_column _builder_version=\u00a0\u00bb4.19.4&Prime; _module_preset=\u00a0\u00bbdefault\u00a0\u00bb type=\u00a0\u00bb4_4&Prime; theme_builder_area=\u00a0\u00bbpost_content\u00a0\u00bb][et_pb_image src=\u00a0\u00bbhttps:\/\/www.handball-normandie.fr\/wp-content\/uploads\/2022\/12\/NEWSLETTER.png\u00a0\u00bb _builder_version=\u00a0\u00bb4.19.4&Prime; _module_preset=\u00a0\u00bbdefault\u00a0\u00bb theme_builder_area=\u00a0\u00bbpost_content\u00a0\u00bb title_text=\u00a0\u00bbNEWSLETTER\u00a0\u00bb align=\u00a0\u00bbcenter\u00a0\u00bb custom_margin=\u00a0\u00bb15px||15px||true|false\u00a0\u00bb hover_enabled=\u00a0\u00bb0&Prime; sticky_enabled=\u00a0\u00bb0&Prime;][\/et_pb_image][\/et_pb_column][\/et_pb_row][et_pb_row _builder_version=\u00a0\u00bb4.19.4&Prime; _module_preset=\u00a0\u00bbdefault\u00a0\u00bb theme_builder_area=\u00a0\u00bbpost_content\u00a0\u00bb][et_pb_column _builder_version=\u00a0\u00bb4.19.4&Prime; _module_preset=\u00a0\u00bbdefault\u00a0\u00bb type=\u00a0\u00bb4_4&Prime; theme_builder_area=\u00a0\u00bbpost_content\u00a0\u00bb][et_pb_text _builder_version=\u00a0\u00bb4.19.4&Prime; _module_preset=\u00a0\u00bbdefault\u00a0\u00bb theme_builder_area=\u00a0\u00bbpost_content\u00a0\u00bb hover_enabled=\u00a0\u00bb0&Prime; sticky_enabled=\u00a0\u00bb0&Prime; custom_margin=\u00a0\u00bb||20px||false|false\u00a0\u00bb]<\/p>\n<p class=\"text-build-content\" data-testid=\"FUGQEkfdd\" style=\"text-align: center;\"><span><strong>L&rsquo;\u00c9QUIPE DE LA COMMISSION TERRITORIALE D&rsquo;ARBITRAGE S&rsquo;AGRANDIT \u00a0<\/strong><\/span><\/p>\n<p class=\"text-build-content\" data-testid=\"FUGQEkfdd\"><span>Nous sommes tr\u00e8s heureux d&rsquo;accueillir de nouveaux membres au sein de la Commission Territoriale d&rsquo;Arbitrage.<\/span><\/p>\n<p class=\"text-build-content\" data-testid=\"FUGQEkfdd\"><span>Leur exp\u00e9rience, leurs comp\u00e9tences et surtout leur envie d&rsquo;oeuvrer collectivement au service de l&rsquo;arbitrage et son d\u00e9veloppement, associaient \u00e0 celles des membres de la CTA d\u00e9j\u00e0 investis, permettra d&rsquo;obtenir encore plus de r\u00e9sultats et de r\u00e9ussite dans les missions qui sont les n\u00f4tres.<\/span><\/p>\n<p class=\"text-build-content\" data-testid=\"FUGQEkfdd\"><span><strong>La CTA souhaite donc la bienvenue \u00e0 ses nouveaux membres :<\/strong><\/span><\/p>\n<p class=\"text-build-content\" data-testid=\"FUGQEkfdd\"><span>Priscillia LIEGEARD : R\u00e9f\u00e9rente p\u00f4le F\u00e9minisation.<br \/><\/span><span>Priscillia nous rejoint pour piloter et continuer notre travail d&rsquo;accompagnement dans ce domaine. Elle sera notre nouvelle r\u00e9f\u00e9rente aupr\u00e8s du p\u00f4le f\u00e9minisation de la CNA.<\/span><\/p>\n<p class=\"text-build-content\" data-testid=\"FUGQEkfdd\"><span>C\u00e9dric LESS : R\u00e9f\u00e9rent Groupe T1N.<br \/><\/span><span>C\u00e9dric nous rejoint pour apporter toute son exp\u00e9rience et l&rsquo;accompagnement n\u00e9cessaire \u00e0 nos bin\u00f4mes inscrits dans ce groupe. Il sera notre nouveau r\u00e9f\u00e9rent aupr\u00e8s du p\u00f4le performance de la CNA.<\/span><\/p>\n<p class=\"text-build-content\" data-testid=\"FUGQEkfdd\"><span>Adrien LE PRIOL : R\u00e9f\u00e9rent Arbitrage Hand&rsquo;Fauteuil.<br \/><\/span><span>Adrien nous rejoint pour piloter l&rsquo;arbitrage dans ce qui sera, tr\u00e8s vite, une nouvelle pratique comp\u00e9titive. Exp\u00e9riment\u00e9, il assurera le lien avec la Commission de d\u00e9veloppement du Hand&rsquo;Fauteuil de la Ligue.<\/span><\/p>\n<p class=\"text-build-content\" data-testid=\"FUGQEkfdd\"><span>Matis VERDIER : Responsable d\u00e9signations JA sur matchs universitaires et grandes \u00e9coles.<br \/><\/span><span>Matis nous rejoint pour aider les universit\u00e9s et grandes \u00e9coles qui pratiquent le handball \u00e0 avoir un arbitre form\u00e9 par la FFHB sur leur match, dont certains de haut niveau.<\/span><\/p>\n<p class=\"text-build-content\" data-testid=\"FUGQEkfdd\"><span>Blandine GRISVARD, Corentin LOYER et Matis VERDIER : Membres groupe coordination Arbitrage Beach Handball.\u00a0<\/span><\/p>\n<p class=\"text-build-content\" data-testid=\"FUGQEkfdd\"><span>Tous trois nous rejoignent pour aider l&rsquo;\u00e9quipe d\u00e9j\u00e0 en place \u00e0 d\u00e9velopper encore plus l&rsquo;arbitrage du Beach. Ils sauront apporter une v\u00e9ritable expertise arbitrale sur les terrains.<\/span><\/p>\n<p class=\"text-build-content\" data-testid=\"FUGQEkfdd\"><span>Un grand merci \u00e0 eux pour leur confiance et leur investissement ; comme \u00e0 celles et ceux oeuvrent d\u00e9j\u00e0 pour le d\u00e9veloppement de l&rsquo;arbitrage Normand.\u00a0<\/span><\/p>\n<p class=\"text-build-content\" data-testid=\"FUGQEkfdd\" style=\"text-align: center;\"><strong>A noter : Si vous souhaitez, vous aussi, int\u00e9grer l&rsquo;\u00e9quipe de la CTA, contactez-nous ! On vous attend !<\/strong><\/p>\n<p>[\/et_pb_text][\/et_pb_column][\/et_pb_row][\/et_pb_section]<\/p>\n","protected":false},"excerpt":{"rendered":"<p>L&rsquo;\u00c9QUIPE DE LA COMMISSION TERRITORIALE D&rsquo;ARBITRAGE S&rsquo;AGRANDIT \u00a0 Nous sommes tr\u00e8s heureux d&rsquo;accueillir de nouveaux membres au sein de la Commission Territoriale d&rsquo;Arbitrage. Leur exp\u00e9rience, leurs comp\u00e9tences et surtout leur envie d&rsquo;oeuvrer collectivement au service de l&rsquo;arbitrage et son d\u00e9veloppement, associaient \u00e0 celles des membres de la CTA d\u00e9j\u00e0 investis, permettra d&rsquo;obtenir encore plus de [&hellip;]<\/p>\n","protected":false},"author":1,"featured_media":0,"parent":0,"menu_order":0,"comment_status":"closed","ping_status":"closed","template":"","meta":{"_bbp_topic_count":0,"_bbp_reply_count":0,"_bbp_total_topic_count":0,"_bbp_total_reply_count":0,"_bbp_voice_count":0,"_bbp_anonymous_reply_count":0,"_bbp_topic_count_hidden":0,"_bbp_reply_count_hidden":0,"_bbp_forum_subforum_count":0,"_et_pb_use_builder":"on","_et_pb_old_content":"","_et_gb_content_width":"","footnotes":""},"class_list":["post-7761","page","type-page","status-publish","hentry"],"_links":{"self":[{"href":"https:\/\/www.handball-normandie.fr\/index.php\/wp-json\/wp\/v2\/pages\/7761","targetHints":{"allow":["GET"]}}],"collection":[{"href":"https:\/\/www.handball-normandie.fr\/index.php\/wp-json\/wp\/v2\/pages"}],"about":[{"href":"https:\/\/www.handball-normandie.fr\/index.php\/wp-json\/wp\/v2\/types\/page"}],"author":[{"embeddable":true,"href":"https:\/\/www.handball-normandie.fr\/index.php\/wp-json\/wp\/v2\/users\/1"}],"replies":[{"embeddable":true,"href":"https:\/\/www.handball-normandie.fr\/index.php\/wp-json\/wp\/v2\/comments?post=7761"}],"version-history":[{"count":3,"href":"https:\/\/www.handball-normandie.fr\/index.php\/wp-json\/wp\/v2\/pages\/7761\/revisions"}],"predecessor-version":[{"id":7767,"href":"https:\/\/www.handball-normandie.fr\/index.php\/wp-json\/wp\/v2\/pages\/7761\/revisions\/7767"}],"wp:attachment":[{"href":"https:\/\/www.handball-normandie.fr\/index.php\/wp-json\/wp\/v2\/media?parent=7761"}],"curies":[{"name":"wp","href":"https:\/\/api.w.org\/{rel}","templated":true}]}}