{"id":6066,"date":"2022-06-02T11:32:29","date_gmt":"2022-06-02T09:32:29","guid":{"rendered":"http:\/\/www.handball-normandie.fr\/?page_id=6066"},"modified":"2023-04-11T12:33:34","modified_gmt":"2023-04-11T10:33:34","slug":"rencontres-nationales-handensemble-2022","status":"publish","type":"page","link":"https:\/\/www.handball-normandie.fr\/index.php\/rencontres-nationales-handensemble-2022\/","title":{"rendered":"Rencontres nationales handensemble 2022"},"content":{"rendered":"<p>[et_pb_section fb_built=\u00a0\u00bb1&Prime; _builder_version=\u00a0\u00bb4.17.4&Prime; _module_preset=\u00a0\u00bbdefault\u00a0\u00bb global_colors_info=\u00a0\u00bb{}\u00a0\u00bb][et_pb_row _builder_version=\u00a0\u00bb4.17.4&Prime; _module_preset=\u00a0\u00bbdefault\u00a0\u00bb global_colors_info=\u00a0\u00bb{}\u00a0\u00bb][et_pb_column type=\u00a0\u00bb4_4&Prime; _builder_version=\u00a0\u00bb4.17.4&Prime; _module_preset=\u00a0\u00bbdefault\u00a0\u00bb global_colors_info=\u00a0\u00bb{}\u00a0\u00bb][et_pb_text _builder_version=\u00a0\u00bb4.17.4&Prime; _module_preset=\u00a0\u00bbdefault\u00a0\u00bb custom_margin=\u00a0\u00bb10px||||false|false\u00a0\u00bb global_colors_info=\u00a0\u00bb{}\u00a0\u00bb]<\/p>\n<h2 style=\"text-align: center;\"><strong>RENCONTRES NATIONALES HANDENSEMBLE 2022\u00a0<\/strong><\/h2>\n<p>[\/et_pb_text][\/et_pb_column][\/et_pb_row][et_pb_row _builder_version=\u00a0\u00bb4.17.4&Prime; _module_preset=\u00a0\u00bbdefault\u00a0\u00bb global_colors_info=\u00a0\u00bb{}\u00a0\u00bb][et_pb_column type=\u00a0\u00bb4_4&Prime; _builder_version=\u00a0\u00bb4.17.4&Prime; _module_preset=\u00a0\u00bbdefault\u00a0\u00bb global_colors_info=\u00a0\u00bb{}\u00a0\u00bb][et_pb_image src=\u00a0\u00bbhttps:\/\/www.handball-normandie.fr\/wp-content\/uploads\/2022\/06\/PHOTO-2022-05-23-13-49-00.jpg\u00a0\u00bb title_text=\u00a0\u00bbPHOTO-2022-05-23-13-49-00&Prime; _builder_version=\u00a0\u00bb4.17.4&Prime; _module_preset=\u00a0\u00bbdefault\u00a0\u00bb background_enable_image=\u00a0\u00bboff\u00a0\u00bb background_size=\u00a0\u00bbinitial\u00a0\u00bb width=\u00a0\u00bb41%\u00a0\u00bb max_width=\u00a0\u00bb57%\u00a0\u00bb module_alignment=\u00a0\u00bbcenter\u00a0\u00bb global_colors_info=\u00a0\u00bb{}\u00a0\u00bb][\/et_pb_image][\/et_pb_column][\/et_pb_row][et_pb_row _builder_version=\u00a0\u00bb4.17.4&Prime; _module_preset=\u00a0\u00bbdefault\u00a0\u00bb global_colors_info=\u00a0\u00bb{}\u00a0\u00bb][et_pb_column type=\u00a0\u00bb4_4&Prime; _builder_version=\u00a0\u00bb4.17.4&Prime; _module_preset=\u00a0\u00bbdefault\u00a0\u00bb global_colors_info=\u00a0\u00bb{}\u00a0\u00bb][et_pb_text _builder_version=\u00a0\u00bb4.17.4&Prime; _module_preset=\u00a0\u00bbdefault\u00a0\u00bb global_colors_info=\u00a0\u00bb{}\u00a0\u00bb]<\/p>\n<p style=\"text-align: justify;\">Les 21 et 22 mai s\u2019est d\u00e9roul\u00e9e \u00e0 la Maison du Handball la 11\u00e8me \u00e9dition des Rencontres Nationales HandEnsemble.<\/p>\n<p style=\"text-align: justify;\">Ce Mill\u00e9sime 2022 rev\u00eatait un caract\u00e8re exceptionnel apr\u00e8s 3 ann\u00e9es sans RNH en raison du Covid; pour la reprise de cet \u00e9v\u00e9nement la FFHandball souhaitait marquer les esprits et proposer des conditions id\u00e9ales aux pratiquants de Hand Fauteuil et Hand Adapt\u00e9 venus de 11 territoires.<\/p>\n<p style=\"text-align: justify;\">La Normandie pr\u00e9sentait 1 \u00e9quipe dans chaque pratique, ainsi que deux arbitres et un groupe de stagiaires en formation modulaire (Module 9 animer le HandEnsemble).<\/p>\n<p>La d\u00e9l\u00e9gation normande est ainsi arriv\u00e9e d\u00e8s le vendredi soir sur le site de la Maison du Handball \u00e0 Cr\u00e9teil pour participer \u00e0 la r\u00e9union technique et au repas d\u2019accueil.<\/p>\n<p>Nos repr\u00e9sentants normands ont ainsi pu visiter les installations et se pr\u00e9parer \u00e0 un week-end charg\u00e9 en rencontres et en \u00e9motions.<\/p>\n<p>[\/et_pb_text][\/et_pb_column][\/et_pb_row][et_pb_row column_structure=\u00a0\u00bb1_2,1_2&Prime; _builder_version=\u00a0\u00bb4.17.4&Prime; _module_preset=\u00a0\u00bbdefault\u00a0\u00bb width=\u00a0\u00bb60%\u00a0\u00bb module_alignment=\u00a0\u00bbcenter\u00a0\u00bb custom_margin=\u00a0\u00bb10px||10px||true|false\u00a0\u00bb global_colors_info=\u00a0\u00bb{}\u00a0\u00bb][et_pb_column type=\u00a0\u00bb1_2&Prime; _builder_version=\u00a0\u00bb4.17.4&Prime; _module_preset=\u00a0\u00bbdefault\u00a0\u00bb global_colors_info=\u00a0\u00bb{}\u00a0\u00bb][et_pb_image src=\u00a0\u00bbhttps:\/\/www.handball-normandie.fr\/wp-content\/uploads\/2022\/06\/PHOTO-2022-05-23-13-49-02.jpg\u00a0\u00bb title_text=\u00a0\u00bbPHOTO-2022-05-23-13-49-02&Prime; _builder_version=\u00a0\u00bb4.17.4&Prime; _module_preset=\u00a0\u00bbdefault\u00a0\u00bb global_colors_info=\u00a0\u00bb{}\u00a0\u00bb][\/et_pb_image][\/et_pb_column][et_pb_column type=\u00a0\u00bb1_2&Prime; _builder_version=\u00a0\u00bb4.17.4&Prime; _module_preset=\u00a0\u00bbdefault\u00a0\u00bb global_colors_info=\u00a0\u00bb{}\u00a0\u00bb][et_pb_image src=\u00a0\u00bbhttps:\/\/www.handball-normandie.fr\/wp-content\/uploads\/2022\/06\/PHOTO-2022-05-23-13-49-02-2.jpg\u00a0\u00bb title_text=\u00a0\u00bbPHOTO-2022-05-23-13-49-02 2&Prime; _builder_version=\u00a0\u00bb4.17.4&Prime; _module_preset=\u00a0\u00bbdefault\u00a0\u00bb global_colors_info=\u00a0\u00bb{}\u00a0\u00bb][\/et_pb_image][\/et_pb_column][\/et_pb_row][et_pb_row _builder_version=\u00a0\u00bb4.17.4&Prime; _module_preset=\u00a0\u00bbdefault\u00a0\u00bb global_colors_info=\u00a0\u00bb{}\u00a0\u00bb][et_pb_column type=\u00a0\u00bb4_4&Prime; _builder_version=\u00a0\u00bb4.17.4&Prime; _module_preset=\u00a0\u00bbdefault\u00a0\u00bb global_colors_info=\u00a0\u00bb{}\u00a0\u00bb][et_pb_text _builder_version=\u00a0\u00bb4.17.4&Prime; _module_preset=\u00a0\u00bbdefault\u00a0\u00bb global_colors_info=\u00a0\u00bb{}\u00a0\u00bb]<\/p>\n<p style=\"text-align: justify;\">Le club de Lisieux, repr\u00e9sentant normand pour le Hand Adapt\u00e9, a ainsi pu disputer 6 rencontres de 20 minutes chacune le samedi. L\u2019objectif d\u2019un maximum de plaisir et de temps de jeu partag\u00e9 a parfaitement \u00e9t\u00e9 atteint gr\u00e2ce au parfait encadrement des 3 responsables du club pr\u00e9sents : Jocelyne, Patrick et Philippe. Merci beaucoup \u00e0 eux pour la gestion bienveillante de leur \u00e9quipe de 10 joueurs (9 gar\u00e7ons et 1 fille).<\/p>\n<p style=\"text-align: justify;\">Pour la pratique du Hand Fauteuil, ce sont 3 clubs qui composaient le collectif normand : les Handi Vikings de Caen, le HBC Canteleu et l\u2019association Tous eg\u2019O de Vexin sur Epte. Symbole de la mixit\u00e9 (valides\/personnes en situation de handicap moteur &#8211; homme\/femme &#8211; diff\u00e9rents clubs) cette \u00e9quipe a eu la chance de disputer une rencontre sous les yeux de notre nouvelle ministre des Sports et des Jeux Olympiques et Paralympiques, Am\u00e9lie Oud\u00e9a-Castera, qui a tenu \u00e0 \u00eatre pr\u00e9sente lors de cette manifestation.<\/p>\n<p style=\"text-align: justify;\">Pour l\u2019ensemble des repr\u00e9sentants de la d\u00e9l\u00e9gation normande, outre les matchs qui se sont encha\u00een\u00e9s, un autre temps fort les attendait \u00e0 l\u2019occasion de la soir\u00e9e festive du samedi soir ! L\u2019espace culturel Martin Luther King a ainsi pu vibrer au son des chants et musiques de cette belle soir\u00e9e o\u00f9 l\u2019inclusion et le partage ont repr\u00e9sent\u00e9 des valeurs essentielles \u00e0 ce type de manifestation.<\/p>\n<p style=\"text-align: justify;\">Il ne restait ensuite plus qu\u2019\u00e0 profiter de la journ\u00e9e du dimanche avec la d\u00e9couverte du Hand Fauteuil \u00e0 quatre, pratique plus rapide et favorisant le spectacle, qui sera mise en place par la FFHandball dans le cadre de la d\u00e9l\u00e9gation du para Hand \u00e0 compter du 1er juillet prochain.<\/p>\n<p style=\"text-align: justify;\">En conclusion du week-end, nos deux portes drapeaux, Sol\u00e8ne (Hand Adapt\u00e9) et le jeune Thomas 14 ans (Hand Fauteuil) se sont charg\u00e9 de r\u00e9cup\u00e9rer les r\u00e9compenses \u00e0 l\u2019issue de cette \u00e9dition, particuli\u00e8rement r\u00e9ussie, cl\u00f4tur\u00e9e en musique avec la flash mob et les grands sourires (et quelques pleurs aussi) au moment de se quitter, dans l\u2019attente des prochaines Rencontres Nationales HandEnsemble.<\/p>\n<p style=\"text-align: justify;\">Bravo et merci \u00e0 nos repr\u00e9sentants. Vive le HandEnsemble et vive la Normandie !<\/p>\n<p>[\/et_pb_text][\/et_pb_column][\/et_pb_row][et_pb_row column_structure=\u00a0\u00bb1_4,1_4,1_4,1_4&Prime; _builder_version=\u00a0\u00bb4.17.4&Prime; _module_preset=\u00a0\u00bbdefault\u00a0\u00bb custom_margin=\u00a0\u00bb20px||20px||true|false\u00a0\u00bb global_colors_info=\u00a0\u00bb{}\u00a0\u00bb][et_pb_column type=\u00a0\u00bb1_4&Prime; _builder_version=\u00a0\u00bb4.17.4&Prime; _module_preset=\u00a0\u00bbdefault\u00a0\u00bb global_colors_info=\u00a0\u00bb{}\u00a0\u00bb][et_pb_image src=\u00a0\u00bbhttps:\/\/www.handball-normandie.fr\/wp-content\/uploads\/2022\/06\/PHOTO-2022-05-23-13-49-01-3.jpg\u00a0\u00bb title_text=\u00a0\u00bbPHOTO-2022-05-23-13-49-01 3&Prime; _builder_version=\u00a0\u00bb4.17.4&Prime; _module_preset=\u00a0\u00bbdefault\u00a0\u00bb global_colors_info=\u00a0\u00bb{}\u00a0\u00bb][\/et_pb_image][\/et_pb_column][et_pb_column type=\u00a0\u00bb1_4&Prime; _builder_version=\u00a0\u00bb4.17.4&Prime; _module_preset=\u00a0\u00bbdefault\u00a0\u00bb global_colors_info=\u00a0\u00bb{}\u00a0\u00bb][et_pb_image src=\u00a0\u00bbhttps:\/\/www.handball-normandie.fr\/wp-content\/uploads\/2022\/06\/IMG_475611.jpg\u00a0\u00bb title_text=\u00a0\u00bbIMG_475611&Prime; _builder_version=\u00a0\u00bb4.17.4&Prime; _module_preset=\u00a0\u00bbdefault\u00a0\u00bb global_colors_info=\u00a0\u00bb{}\u00a0\u00bb][\/et_pb_image][\/et_pb_column][et_pb_column type=\u00a0\u00bb1_4&Prime; _builder_version=\u00a0\u00bb4.17.4&Prime; _module_preset=\u00a0\u00bbdefault\u00a0\u00bb global_colors_info=\u00a0\u00bb{}\u00a0\u00bb][et_pb_image src=\u00a0\u00bbhttps:\/\/www.handball-normandie.fr\/wp-content\/uploads\/2022\/06\/IMG_482211.jpg\u00a0\u00bb title_text=\u00a0\u00bbIMG_482211&Prime; _builder_version=\u00a0\u00bb4.17.4&Prime; _module_preset=\u00a0\u00bbdefault\u00a0\u00bb global_colors_info=\u00a0\u00bb{}\u00a0\u00bb][\/et_pb_image][\/et_pb_column][et_pb_column type=\u00a0\u00bb1_4&Prime; _builder_version=\u00a0\u00bb4.17.4&Prime; _module_preset=\u00a0\u00bbdefault\u00a0\u00bb global_colors_info=\u00a0\u00bb{}\u00a0\u00bb][et_pb_image src=\u00a0\u00bbhttps:\/\/www.handball-normandie.fr\/wp-content\/uploads\/2022\/06\/IMG_483411.jpg\u00a0\u00bb title_text=\u00a0\u00bbIMG_483411&Prime; _builder_version=\u00a0\u00bb4.17.4&Prime; _module_preset=\u00a0\u00bbdefault\u00a0\u00bb global_colors_info=\u00a0\u00bb{}\u00a0\u00bb][\/et_pb_image][\/et_pb_column][\/et_pb_row][\/et_pb_section]<\/p>\n","protected":false},"excerpt":{"rendered":"<p>RENCONTRES NATIONALES HANDENSEMBLE 2022\u00a0Les 21 et 22 mai s\u2019est d\u00e9roul\u00e9e \u00e0 la Maison du Handball la 11\u00e8me \u00e9dition des Rencontres Nationales HandEnsemble. Ce Mill\u00e9sime 2022 rev\u00eatait un caract\u00e8re exceptionnel apr\u00e8s 3 ann\u00e9es sans RNH en raison du Covid; pour la reprise de cet \u00e9v\u00e9nement la FFHandball souhaitait marquer les esprits et proposer des conditions id\u00e9ales [&hellip;]<\/p>\n","protected":false},"author":1,"featured_media":0,"parent":0,"menu_order":0,"comment_status":"closed","ping_status":"closed","template":"","meta":{"_bbp_topic_count":0,"_bbp_reply_count":0,"_bbp_total_topic_count":0,"_bbp_total_reply_count":0,"_bbp_voice_count":0,"_bbp_anonymous_reply_count":0,"_bbp_topic_count_hidden":0,"_bbp_reply_count_hidden":0,"_bbp_forum_subforum_count":0,"_et_pb_use_builder":"on","_et_pb_old_content":"","_et_gb_content_width":"","footnotes":""},"class_list":["post-6066","page","type-page","status-publish","hentry"],"_links":{"self":[{"href":"https:\/\/www.handball-normandie.fr\/index.php\/wp-json\/wp\/v2\/pages\/6066","targetHints":{"allow":["GET"]}}],"collection":[{"href":"https:\/\/www.handball-normandie.fr\/index.php\/wp-json\/wp\/v2\/pages"}],"about":[{"href":"https:\/\/www.handball-normandie.fr\/index.php\/wp-json\/wp\/v2\/types\/page"}],"author":[{"embeddable":true,"href":"https:\/\/www.handball-normandie.fr\/index.php\/wp-json\/wp\/v2\/users\/1"}],"replies":[{"embeddable":true,"href":"https:\/\/www.handball-normandie.fr\/index.php\/wp-json\/wp\/v2\/comments?post=6066"}],"version-history":[{"count":7,"href":"https:\/\/www.handball-normandie.fr\/index.php\/wp-json\/wp\/v2\/pages\/6066\/revisions"}],"predecessor-version":[{"id":8144,"href":"https:\/\/www.handball-normandie.fr\/index.php\/wp-json\/wp\/v2\/pages\/6066\/revisions\/8144"}],"wp:attachment":[{"href":"https:\/\/www.handball-normandie.fr\/index.php\/wp-json\/wp\/v2\/media?parent=6066"}],"curies":[{"name":"wp","href":"https:\/\/api.w.org\/{rel}","templated":true}]}}