{"id":58,"date":"2020-11-19T11:51:12","date_gmt":"2020-11-19T10:51:12","guid":{"rendered":"http:\/\/itfenok.cluster028.hosting.ovh.net\/?page_id=58"},"modified":"2025-07-21T11:06:46","modified_gmt":"2025-07-21T09:06:46","slug":"presentation","status":"publish","type":"page","link":"https:\/\/www.handball-normandie.fr\/index.php\/presentation\/","title":{"rendered":"Pr\u00e9sentation"},"content":{"rendered":"<p>[et_pb_section fb_built=\u00a0\u00bb1&Prime; _builder_version=\u00a0\u00bb4.27.4&Prime; _module_preset=\u00a0\u00bbdefault\u00a0\u00bb background_image=\u00a0\u00bbhttp:\/\/itfenok.cluster028.hosting.ovh.net\/wp-content\/uploads\/2020\/12\/Logo_Mono_15.png\u00a0\u00bb background_repeat=\u00a0\u00bbrepeat\u00a0\u00bb custom_margin=\u00a0\u00bb10px||10px||false|false\u00a0\u00bb custom_margin_tablet=\u00a0\u00bb10px||10px||false|false\u00a0\u00bb custom_margin_phone=\u00a0\u00bb10px||10px||false|false\u00a0\u00bb custom_margin_last_edited=\u00a0\u00bbon|desktop\u00a0\u00bb custom_padding=\u00a0\u00bb10px||10px||false|false\u00a0\u00bb global_colors_info=\u00a0\u00bb{}\u00a0\u00bb][et_pb_row _builder_version=\u00a0\u00bb4.27.4&Prime; _module_preset=\u00a0\u00bbdefault\u00a0\u00bb global_colors_info=\u00a0\u00bb{}\u00a0\u00bb][et_pb_column type=\u00a0\u00bb4_4&Prime; _builder_version=\u00a0\u00bb4.27.4&Prime; _module_preset=\u00a0\u00bbdefault\u00a0\u00bb global_colors_info=\u00a0\u00bb{}\u00a0\u00bb][et_pb_text _builder_version=\u00a0\u00bb4.27.4&Prime; _module_preset=\u00a0\u00bbdefault\u00a0\u00bb text_font=\u00a0\u00bbMontserrat|600|||||||\u00a0\u00bb text_text_color=\u00a0\u00bb#193D6E\u00a0\u00bb text_font_size=\u00a0\u00bb41px\u00a0\u00bb custom_margin=\u00a0\u00bb34px||34px||false|false\u00a0\u00bb custom_margin_tablet=\u00a0\u00bb34px||31px||false|false\u00a0\u00bb custom_margin_phone=\u00a0\u00bb34px||31px||false|false\u00a0\u00bb custom_margin_last_edited=\u00a0\u00bbon|desktop\u00a0\u00bb global_colors_info=\u00a0\u00bb{}\u00a0\u00bb]<\/p>\n<p style=\"text-align: center;\">LA LIGUE DE NORMANDIE HANDBALL<\/p>\n<p>[\/et_pb_text][\/et_pb_column][\/et_pb_row][et_pb_row column_structure=\u00a0\u00bb1_2,1_2&Prime; _builder_version=\u00a0\u00bb4.27.4&Prime; _module_preset=\u00a0\u00bbdefault\u00a0\u00bb background_color=\u00a0\u00bb#FFFFFF\u00a0\u00bb custom_margin=\u00a0\u00bb10px||15px||false|false\u00a0\u00bb global_colors_info=\u00a0\u00bb{}\u00a0\u00bb][et_pb_column type=\u00a0\u00bb1_2&Prime; _builder_version=\u00a0\u00bb4.16&Prime; _module_preset=\u00a0\u00bbdefault\u00a0\u00bb global_colors_info=\u00a0\u00bb{}\u00a0\u00bb][et_pb_image src=\u00a0\u00bbhttps:\/\/www.handball-normandie.fr\/wp-content\/uploads\/2025\/05\/ligue-scaled.png\u00a0\u00bb title_text=\u00a0\u00bbligue\u00a0\u00bb align=\u00a0\u00bbcenter\u00a0\u00bb _builder_version=\u00a0\u00bb4.27.4&Prime; _module_preset=\u00a0\u00bbdefault\u00a0\u00bb custom_padding=\u00a0\u00bb5px||||false|false\u00a0\u00bb hover_enabled=\u00a0\u00bb0&Prime; box_shadow_style=\u00a0\u00bbpreset2&Prime; global_colors_info=\u00a0\u00bb{}\u00a0\u00bb border_radii=\u00a0\u00bbon|10px|10px|10px|10px\u00a0\u00bb sticky_enabled=\u00a0\u00bb0&Prime;][\/et_pb_image][et_pb_text _builder_version=\u00a0\u00bb4.27.4&Prime; _module_preset=\u00a0\u00bbdefault\u00a0\u00bb text_text_color=\u00a0\u00bb#000000&Prime; custom_margin=\u00a0\u00bb-15px||||false|false\u00a0\u00bb custom_padding=\u00a0\u00bb|||10px|false|false\u00a0\u00bb global_colors_info=\u00a0\u00bb{}\u00a0\u00bb]<\/p>\n<p style=\"text-align: justify;\"><strong>L\u2019association \u00ab\u00a0Ligue de Normandie de Handball\u00bb, a \u00e9t\u00e9 cr\u00e9\u00e9e en 1977.<\/strong><\/p>\n<p style=\"text-align: justify;\">Elle a pour objet, dans le ressort g\u00e9ographique de la r\u00e9gion administrative de Normandie, dans le cadre de la d\u00e9l\u00e9gation re\u00e7ue selon les statuts de la F\u00e9d\u00e9ration Fran\u00e7aise de Handball\u00a0:<\/p>\n<p style=\"text-align: justify;\"><strong>1. <\/strong>de promouvoir l\u2019\u00e9ducation par les activit\u00e9s physiques et sportives, et l\u2019acc\u00e8s de toutes et de tous \u00e0 ces activit\u00e9s\u00a0;<\/p>\n<p style=\"text-align: justify;\"><strong>2. <\/strong>de rassembler toutes les associations faisant pratiquer le handball et ses disciplines d\u00e9riv\u00e9es, connexes et compl\u00e9mentaires (Sandball, Minihandball, Beachhandball, Hand\u2019Ensemble, Handfit, etc.);<\/p>\n<p style=\"text-align: justify;\"><span><strong>3.<\/strong>\u00a0<\/span>d\u2019organiser, de d\u00e9velopper et de contr\u00f4ler la pratique du handball et de ses disciplines d\u00e9riv\u00e9es, connexes et compl\u00e9mentaires (Sandball, Minihandball, Beachhandball, Hand\u2019Ensemble, Handfit, etc.);<\/p>\n<p>[\/et_pb_text][\/et_pb_column][et_pb_column type=\u00a0\u00bb1_2&Prime; _builder_version=\u00a0\u00bb4.16&Prime; _module_preset=\u00a0\u00bbdefault\u00a0\u00bb global_colors_info=\u00a0\u00bb{}\u00a0\u00bb][et_pb_text _builder_version=\u00a0\u00bb4.27.4&Prime; _module_preset=\u00a0\u00bbdefault\u00a0\u00bb text_text_color=\u00a0\u00bb#000000&Prime; custom_padding=\u00a0\u00bb5px|10px|10px|0px|false|false\u00a0\u00bb border_color_left=\u00a0\u00bbrgba(71,71,71,0.42)\u00a0\u00bb global_colors_info=\u00a0\u00bb{}\u00a0\u00bb]<\/p>\n<p style=\"text-align: justify;\"><strong>4.<\/strong>\u00a0de contribuer, en relation avec l\u2019Institut F\u00e9d\u00e9ral de la Formation et de l\u2019Emploi et les Instituts Territoriaux de la Formation et de l\u2019Emploi, \u00e0 la mise en \u0153uvre et \u00e0 l\u2019animation de toutes formations utiles au d\u00e9veloppement de la pratique du handball et de ses disciplines d\u00e9riv\u00e9es, connexes et compl\u00e9mentaires (Sandball, Minihandball, Beachhandball, Hand\u2019Ensemble, Handfit, etc.) ;<\/p>\n<p style=\"text-align: justify;\"><strong>5.<\/strong>\u00a0d\u2019organiser et de promouvoir l\u2019accession \u00e0 la pratique des activit\u00e9s arbitrales, notamment pour les jeunes\u00a0;<\/p>\n<p style=\"text-align: justify;\"><strong>6. <\/strong>de s\u2019assurer du respect des r\u00e8gles techniques, de s\u00e9curit\u00e9, d\u2018encadrement et de d\u00e9ontologie relatives au handball\u00a0;<\/p>\n<p style=\"text-align: justify;\"><strong>7. <\/strong>d\u2019organiser, en relation avec la F\u00e9d\u00e9ration Fran\u00e7aise de Handball, la surveillance m\u00e9dicale de ses licenci\u00e9s dans les conditions pr\u00e9vues par le titre III du livre II du Code du sport\u00a0;<\/p>\n<p style=\"text-align: justify;\"><span><strong>8. <\/strong><\/span>d\u2019\u00e9tablir des relations, dans le cadre des conventions \u00e9tablies par la F\u00e9d\u00e9ration Fran\u00e7aise de Handball, avec les associations ou groupements dont les activit\u00e9s sont en rapport avec ses objectifs, notamment avec les organismes r\u00e9gionaux des F\u00e9d\u00e9rations multisports ou affinitaires ;<\/p>\n<p style=\"text-align: justify;\"><strong>9. <\/strong>de s\u2019assurer du respect de la notion de d\u00e9veloppement durable dans les choix politiques, les r\u00e8glements et les modes de gestion qui r\u00e9gissent son fonctionnement, le d\u00e9roulement de ses activit\u00e9s et la tenue des manifestations qu\u2019elle organise\u00a0;<\/p>\n<p style=\"text-align: justify;\"><strong>10. <\/strong>d\u2019entretenir toutes relations utiles avec les autres ligues r\u00e9gionales, avec le Comit\u00e9 r\u00e9gional olympique et sportif fran\u00e7ais (CROSF) et avec les pouvoirs publics r\u00e9gionaux;<\/p>\n<p>[\/et_pb_text][\/et_pb_column][\/et_pb_row][et_pb_row _builder_version=\u00a0\u00bb4.27.4&Prime; _module_preset=\u00a0\u00bbdefault\u00a0\u00bb background_color=\u00a0\u00bb#FFFFFF\u00a0\u00bb custom_margin=\u00a0\u00bb||25px||false|false\u00a0\u00bb custom_margin_tablet=\u00a0\u00bb||25px||false|false\u00a0\u00bb custom_margin_phone=\u00a0\u00bb||25px||false|false\u00a0\u00bb custom_margin_last_edited=\u00a0\u00bbon|desktop\u00a0\u00bb custom_padding=\u00a0\u00bb10px|10px|10px|10px|false|false\u00a0\u00bb global_colors_info=\u00a0\u00bb{}\u00a0\u00bb][et_pb_column type=\u00a0\u00bb4_4&Prime; _builder_version=\u00a0\u00bb4.16&Prime; _module_preset=\u00a0\u00bbdefault\u00a0\u00bb global_colors_info=\u00a0\u00bb{}\u00a0\u00bb][et_pb_text _builder_version=\u00a0\u00bb4.27.4&Prime; _module_preset=\u00a0\u00bbdefault\u00a0\u00bb text_font=\u00a0\u00bbMontserrat|800|||||||\u00a0\u00bb text_text_color=\u00a0\u00bb#ffffff\u00a0\u00bb text_font_size=\u00a0\u00bb16px\u00a0\u00bb background_color=\u00a0\u00bb#1a3e71&Prime; hover_enabled=\u00a0\u00bb0&Prime; global_colors_info=\u00a0\u00bb{}\u00a0\u00bb sticky_enabled=\u00a0\u00bb0&Prime;]<\/p>\n<p style=\"text-align: center;\">Extrait des statuts de la Ligue de Normandie de Handball \u2013 Article 1<\/p>\n<p>[\/et_pb_text][et_pb_text _builder_version=\u00a0\u00bb4.27.4&Prime; _module_preset=\u00a0\u00bbdefault\u00a0\u00bb text_text_color=\u00a0\u00bb#000000&Prime; custom_margin=\u00a0\u00bb-15px||||false|false\u00a0\u00bb global_colors_info=\u00a0\u00bb{}\u00a0\u00bb]<\/p>\n<p style=\"text-align: justify;\">Le <strong>Samedi 22 juin 2024<\/strong>, l\u2019Assembl\u00e9e G\u00e9n\u00e9rale Elective de la Ligue de Normandie de Handball, r\u00e9unie \u00e0 HOULGATE (14) a d\u00e9sign\u00e9 la Liste \u00ab Ensemble pour le Handball Normand 2024-2028\u00bb pour conduire la nouvelle mandature Normande.<\/p>\n<p style=\"text-align: justify;\">Le Conseil d\u2019Administration a \u00e9lu <strong>Monsieur Nicolas MARAIS<\/strong> au poste de Pr\u00e9sident de la Ligue de Normandie de Handball.<\/p>\n<p>[\/et_pb_text][\/et_pb_column][\/et_pb_row][\/et_pb_section]<\/p>\n","protected":false},"excerpt":{"rendered":"<p>LA LIGUE DE NORMANDIE HANDBALLL\u2019association \u00ab\u00a0Ligue de Normandie de Handball\u00bb, a \u00e9t\u00e9 cr\u00e9\u00e9e en 1977. Elle a pour objet, dans le ressort g\u00e9ographique de la r\u00e9gion administrative de Normandie, dans le cadre de la d\u00e9l\u00e9gation re\u00e7ue selon les statuts de la F\u00e9d\u00e9ration Fran\u00e7aise de Handball\u00a0: 1. de promouvoir l\u2019\u00e9ducation par les activit\u00e9s physiques et sportives, [&hellip;]<\/p>\n","protected":false},"author":1,"featured_media":0,"parent":0,"menu_order":0,"comment_status":"closed","ping_status":"closed","template":"","meta":{"_bbp_topic_count":0,"_bbp_reply_count":0,"_bbp_total_topic_count":0,"_bbp_total_reply_count":0,"_bbp_voice_count":0,"_bbp_anonymous_reply_count":0,"_bbp_topic_count_hidden":0,"_bbp_reply_count_hidden":0,"_bbp_forum_subforum_count":0,"_et_pb_use_builder":"on","_et_pb_old_content":"","_et_gb_content_width":"","footnotes":""},"class_list":["post-58","page","type-page","status-publish","hentry"],"_links":{"self":[{"href":"https:\/\/www.handball-normandie.fr\/index.php\/wp-json\/wp\/v2\/pages\/58","targetHints":{"allow":["GET"]}}],"collection":[{"href":"https:\/\/www.handball-normandie.fr\/index.php\/wp-json\/wp\/v2\/pages"}],"about":[{"href":"https:\/\/www.handball-normandie.fr\/index.php\/wp-json\/wp\/v2\/types\/page"}],"author":[{"embeddable":true,"href":"https:\/\/www.handball-normandie.fr\/index.php\/wp-json\/wp\/v2\/users\/1"}],"replies":[{"embeddable":true,"href":"https:\/\/www.handball-normandie.fr\/index.php\/wp-json\/wp\/v2\/comments?post=58"}],"version-history":[{"count":47,"href":"https:\/\/www.handball-normandie.fr\/index.php\/wp-json\/wp\/v2\/pages\/58\/revisions"}],"predecessor-version":[{"id":12363,"href":"https:\/\/www.handball-normandie.fr\/index.php\/wp-json\/wp\/v2\/pages\/58\/revisions\/12363"}],"wp:attachment":[{"href":"https:\/\/www.handball-normandie.fr\/index.php\/wp-json\/wp\/v2\/media?parent=58"}],"curies":[{"name":"wp","href":"https:\/\/api.w.org\/{rel}","templated":true}]}}